3?
1300
In base 2, what is -101 + 1010?
101
In base 14, what is 10 - -259?
269
In base 8, what is -660 + -4?
-664
In base 7, what is -6331 + -4?
-6335
In base 15, what is -c9 - 4?
-cd
In base 13, what is 274 + 4?
278
In base 10, what is 791 + -4?
787
In base 5, what is -142432 + 3?
-142424
In base 3, what is 11 + -1120211?
-1120200
In base 13, what is -1202 + 3?
-11cc
In base 7, what is 35 + 151?
216
In base 7, what is -1254 + -2?
-1256
In base 14, what is 24 + 5?
29
In base 14, what is 92c + -8?
924
In base 5, what is -31 - -232?
201
In base 3, what is -22 + -11112?
-11211
In base 13, what is -8 - -37?
2c
In base 5, what is 143 - -10?
203
In base 15, what is 0 + -139b?
-139b
In base 9, what is 4311 + 2?
4313
In base 7, what is -3 - -4130?
4124
In base 15, what is 9 - -4b6?
4c0
In base 9, what is -4 + 22?
17
In base 3, what is 1 + 21220?
21221
In base 16, what is -2 + 30?
2e
In base 13, what is 0 + -349?
-349
In base 13, what is -6 - 5?
-b
In base 16, what is 115d + 0?
115d
In base 15, what is 16 + b?
22
In base 12, what is 14a9 + -5?
14a4
In base 5, what is -11 + 3430?
3414
In base 6, what is 42545 + 4?
42553
In base 4, what is -2111 - 0?
-2111
In base 10, what is -3501 + -3?
-3504
In base 2, what is -111101001 - 1?
-111101010
In base 6, what is -1113 + -13?
-1130
In base 16, what is -4 + a15?
a11
In base 2, what is 1 - 11011?
-11010
In base 9, what is 36 + 5?
42
In base 2, what is -1 - -101011100?
101011011
In base 5, what is -2 + -42333?
-42340
In base 11, what is 1979 - 1?
1978
In base 3, what is 21 - -1001020?
1001111
In base 7, what is 2 - -2015?
2020
In base 15, what is 6 + 10d?
114
In base 12, what is -11 - -11?
0
In base 3, what is -2 - -10102002?
10102000
In base 9, what is 4 - 54?
-50
In base 6, what is 1453 - 5?
1444
In base 8, what is 3 + 15?
20
In base 13, what is -4 + -20?
-24
In base 6, what is -22051 - 4?
-22055
In base 7, what is 424 + -105?
316
In base 11, what is -854 - -1?
-853
In base 11, what is 110a - -4?
1113
In base 7, what is -502 + -140?
-642
In base 14, what is -1 + -9?
-a
In base 9, what is -14 + 14?
0
In base 11, what is 458 - -20?
478
In base 14, what is d - 1?
c
In base 16, what is bb4 + 2?
bb6
In base 2, what is -1 + 10100101?
10100100
In base 6, what is -2004 - 1?
-2005
In base 6, what is 12 + 30?
42
In base 2, what is -110000 - -110011?
11
In base 13, what is 1 + -64?
-63
In base 7, what is 2 + 3252?
3254
In base 11, what is 123 - 145?
-22
In base 8, what is -11 - 241?
-252
In base 5, what is 3 + 2200?
2203
In base 11, what is -5 - 49?
-53
In base 2, what is -101 + 100100011?
100011110
In base 3, what is 11 + 0?
11
In base 5, what is -4 + -42?
-101
In base 8, what is 1434 - 0?
1434
In base 3, what is 2100 - 100100?
-21000
In base 5, what is 10 - -4330?
4340
In base 4, what is -1 + 311120?
311113
In base 16, what is 0 - 557?
-557
In base 16, what is -20 - -d7?
b7
In base 11, what is 5 - -97?
a1
In base 11, what is 4 + 17?
20
In base 15, what is 9 - d?
-4
In base 15, what is -3 + -a83?
-a86
In base 4, what is -303 - 0?
-303
In base 2, what is 1110101110 - 100?
1110101010
In base 14, what is 4 + 19?
1d
In base 12, what is 5 - -11?
16
In base 7, what is -2 + -51?
-53
In base 14, what is 4dc2 + -4?
4dbc
In base 6, what is 4105 - -1?
4110
In base 12, what is 48 + -5?
43
In base 9, what is 2 - 376?
-374
In base 16, what is -51 - -5?
-4c
In base 16, what is -189 - -2?
-187
In base 2, what is -10 + 1000110?
1000100
In base 13, what is 10 - 3c1?
-3b1
In base 12, what is -3 - -15?
12
In base 9, what is 3 - -44?
47
In base 11, what is -3a - -48?
9
In base 4, what is 2130 - 10?
2120
In base 6, what is -121 - 0?
-121
In base 15, what is 5 + -18?
-13
In base 5, what is 0 + -202?
-202
In base 11, what is -7 - -42?
36
In base 9, what is 2 - 4?
-2
In base 16, what is 8 - 695?
-68d
In base 5, what is -2 + -402?
-404
In base 15, what is -3e2 + 1?
-3e1
In base 10, what is -20 + 5?
-15
In base 2, what is -111 + 100011111?
100011000
In base 4, what is -121 + 3?
-112
In base 8, what is 4 + -226?
-222
In base 2, what is 100011000 + -100?
100010100
In base 10, what is 36 + -133?
-97
In base 16, what is -3 + b22?
b1f
In base 13, what is 0 - 3a4?
-3a4
In base 8, what is 1527 - -3?
1532
In base 4, what is 21233 - 30?
21203
In base 9, what is 0 + -44?
-44
In base 9, what is 2281 + -3?
2277
In base 5, what is 40 + 10310?
10400
In base 14, what is -19 + 2?
-17
In base 8, what is -4 + -447?
-453
In base 16, what is -2 + -97e?
-980
In base 14, what is 1 + -1a65?
-1a64
In base 5, what is 43 - -312?
410
In base 12, what is -2 + -76?
-78
In base 4, what is 1 - 1010?
-1003
In base 16, what is dc - -1?
dd
In base 8, what is 133163 - -2?
133165
In base 9, what is -702 + -5?
-707
In base 5, what is 1112 + -10?
1102
In base 6, what is -1 - -1154?
1153
In base 7, what is 40 - -226?
266
In base 15, what is -6 + 0?
-6
In base 13, what is -20 - -10?
-10
In base 5, what is 2 - -301?
303
In base 4, what is 1313 + -3?
1310
In base 14, what is -236 - 1?
-237
In base 15, what is -5 - 8?
-d
In base 13, what is 60 - 7?
56
In base 14, what is -23 - -7?
-1a
In base 10, what is -1103 - -9?
-1094
In base 9, what is 132 - -1?
133
In base 13, what is -1380 + a?
-1373
In base 8, what is -4 + 133?
127
In base 5, what is 23311 + -4?
23302
In base 9, what is -1 + 51?
50
In base 16, what is -59d + -5?
-5a2
In base 8, what is -17034 - -2?
-17032
In base 4, what is -11010 - -123?
-10221
In base 10, what is -2053 - 3?
-2056
In base 3, what is 2 - -210?
212
In base 16, what is -16 + -9?
-1f
In base 5, what is 1440 + 21?
2011
In base 10, what is 4206 - 8?
4198
In base 11, what is -4 - -537?
533
In base 13, what is -6 - -19?
13
In base 15, what is 6e4 + -3?
6e1
In base 6, what is -1520 + 2?
-1514
In base 10, what is -33373 + 4?
-33369
In base 9, what is 33 + 276?
320
In base 9, what is 512 - -27?
540
In base 5, what is -3 - 40301?
-40304
In base 7, what is 231 - -2?
233
In base 3, what is 21020 - -10?
21100
In base 5, what is -11044 + 4?
-11040
In base 2, what is 10100011000 - -100?
10100011100
In base 5, what is 10 - 2000?
-1440
In base 10, what is 208 + -4?
204
In base 16, what is -3b + -fb?
-136
In base 6, what is -5 + -3344?
-3353
In base 9, what is -46 + 15?
-31
In base 13, what is 1 - -814?
815
In base 10, what is 3401 - -2?
3403
In base 9, what is 44 + -278?
-234
In base 14, what is 2 - 375?
-373
In base 10, what is 3 - -380?
383
In base 3, what is -2201 - 0?
-2201
In base 12, what is 53 + 13a?
191
In base 9, what is 23 + -130?
-106
In base 12, what is 3 + -31?
-2a
In base 6, what is 20502 + -5?
20453
In base 4, what is 0 - -30?
30
In base 12, what is -2 + 254?
252
In base 9, what is -18 - 2?
-21
In base 12, what is 4 + 244?
248
In base 12, what is -86 + -6a?
-134
In base 12, what is -10 - a?
-1a
In base 3, what is 102211 - 1?
102210
In base 8, what is -1 - -1755?
1754
In base 4, what is -102 - -220?
112
In base 10, what is 5 + -77?
-72
In base 3, what is -1020220 - 12?
-1021002
In base 11, what is 2 - -354?
356
In base 8, what is -4 + 643?
637
In base 10, what is 8 + -30?
-22
In base 4, what is 11 - -122?
133
In base 14, what is -1d + 26?
7
In base 6, what is -303 - 1?
-304
In base 7, what is 3 - 613?
-610
In base 2, what is 10 - 1110111?
-1110101
In base 12, what is 177 + 0?
177
In base 5, what is 31321 - 4?
31312
In base 13, what is -172 + -27?
-199
In base 7, what is 3 + -150?
-144
In base 16, what is 1d6 - 0?
1d6
In base 15, what is -5 + 2e?
29
In base 12, what is -14 + -2?
-16
In base 7, what is 602 - -5?
610
In base 16, what is -4 - -1c?
18
In base 14, what is -677 + -4?
-67b
In base 11, what is -2 - 173?
-175
In base 11, what is 4 + 40?
44
In base 15, what is c3 - -5?
c8
In base 7, what is 20 + -63?
-43
In base 4, what is 2010 - 10?
2000
In base 5, what is 1 - -10232?
10233
In base 6, what is 122 + 2?
124
In base 14, what is -36 - -8?
-2c
In base 15, what is 2 + -76a?
-768
In base 8, what is -3 - -61?
56
In base 3, what is -10 + 10000?
2220
In base 9, what is 12536 - -4?
12541
In base 11, what is 819 + 8?
826
In base 8, what is -14031 + 0?
-14031
In base 6, what is 13 - -11?
24
In base 15, what is -4 - a1?
-a5
In base 9, what is 20 - -14?
34
In base 6, what is 32 + 3040?
3112
In base 13, what is 3 - 56?
-53
In base 8, what is -257 - 1?
-260
In base 3, what 